Let l(d) = d**3 + 164*d**2 + 6083*d - 27870. Determine l(-67).
2
Let r(s) = -6*s**2 + 5765*s - 1384681. Calculate r(476).
3
Let g(p) = -7633*p + 38181. Calculate g(5).
16
Let s(r) = 5*r**3 - 4586*r**2 + 77401*r - 887. Determine s(900).
13
Let f(t) = -9662*t - 2357512. Give f(-244).
16
Let r(y) = 409*y + 760. Determine r(-11).
-3739
Let z(n) = -2*n**3 + 514*n**2 + 178*n - 45717. Give z(257).
29
Let z(p) = -2836*p - 2846. What is z(-1)?
-10
Let y(r) = -29*r**3 - 19*r**2 - 3*r + 32. Give y(2).
-282
Let z(n) = 83*n**2 + 617*n + 12. Give z(-6).
-702
Let s(n) = -4*n**3 + 240*n**2 + 1024*n - 40. Calculate s(64).
-40
Let i(d) = -53*d + 4304. What is i(82)?
-42
Let d(s) = 73*s + 3361. What is d(-36)?
733
Let n(a) = 21*a**2 + 9290*a - 27866. Determine n(3).
193
Let k(t) = -424*t + 1855. What is k(14)?
-4081
Let l(r) = 2*r**2 - 130*r + 1222. Determine l(49).
-346
Let g(w) = -76*w**2 - 71887*w - 143779. Determine g(-2).
-309
Let b(u) = -74408*u + 1711359. What is b(23)?
-25
Let n(x) = 37091*x - 4525121. Determine n(122).
-19
Let b(p) = -p**3 - 4*p**2 + 70*p + 290. Calculate b(-6).
-58
Let c(k) = 12*k**2 - 363*k + 2335. Give c(22).
157
Let v(a) = -86*a + 13807. Determine v(160).
47
Let x(p) = -11*p**2 + 1310*p + 12690. Give x(-9).
9
Let q(r) = -r**3 - 20*r**2 + 41*r + 413. Calculate q(-4).
-7
Let i(g) = -g**3 + 284*g**2 + 66*g - 18674. Give i(284).
70
Let r(d) = -6*d**3 + 93*d**2 - 283*d - 562. Calculate r(9).
50
Let u(d) = -183*d + 3681. Determine u(26).
-1077
Let h(u) = -u**2 + 206*u - 4722. Give h(25).
-197
Let j(g) = -7*g**2 - 8917*g - 524777. Determine j(-1212).
19
Let a(o) = -o**3 + 20*o**2 - 49*o - 19. Give a(17).
15
Let f(s) = 8682*s + 60799. What is f(-7)?
25
Let s(l) = l**3 - 6*l**2 - 362*l + 1698. Give s(5).
-137
Let f(y) = 3*y**3 + 2577*y**2 + 25473*y + 2581. Give f(-849).
34
Let v(l) = -21*l**2 - 907*l - 1057. What is v(-42)?
-7
Let o(i) = 766*i + 168501. What is o(-220)?
-19
Let k(q) = 8*q**2 - 1214*q - 9211. What is k(159)?
11
Let l(r) = -r**2 - 1283*r - 221850. What is l(-206)?
12
Let j(f) = 172*f - 1577. What is j(11)?
315
Let y(r) = -36897*r + 73741. Calculate y(2).
-53
Let u(a) = a**3 - 341*a**2 + 26314*a + 13. What is u(118)?
13
Let b(u) = 1485*u**2 + 18088*u + 3217. Calculate b(-12).
1
Let b(j) = j**2 - 273199*j - 1092793. Calculate b(-4).
19
Let y(i) = -73083*i + 73076. Determine y(1).
-7
Let c(y) = -24*y**2 + 36*y - 81. What is c(5)?
-501
Let f(o) = 17*o**2 - 1594*o + 36710. What is f(53)?
-19
Let j(y) = y**3 + 17*y**2 - 21*y + 109. Determine j(-18).
163
Let s(a) = -2641*a + 15815. Calculate s(6).
-31
Let z(h) = h**3 - 163*h**2 + 960*h - 10. Give z(6).
98
Let w(r) = 2*r**3 - 16*r**2 + 147*r - 731. Determine w(5).
-146
Let m(p) = -183*p + 28539. Give m(156).
-9
Let y(z) = z**3 - 865*z**2 - 2398*z + 3559007. Give y(863).
-5
Let p(j) = 8593*j + 120351. What is p(-14)?
49
Let v(q) = -q**3 + 14*q**2 - 78*q + 205. What is v(4)?
53
Let q(r) = -21*r**2 - 90*r - 91. Calculate q(-1).
-22
Let r(n) = 53*n**2 + 23*n - 191. Give r(-2).
-25
Let p(n) = -n**3 - 127*n**2 - 558*n - 54422. What is p(-126)?
10
Let u(z) = -2096*z - 64946. Determine u(-31).
30
Let x(p) = 2*p**2 + 218*p - 3859. What is x(-123)?
-415
Let v(u) = 2105*u + 16556. Give v(-8).
-284
Let q(f) = 8*f**2 - 441*f + 420. What is q(58)?
1754
Let m(b) = b**2 - 19646*b + 275246. Determine m(14).
398
Let q(p) = 45*p**3 - 266*p**2 - 19*p - 14. What is q(6)?
16
Let t(s) = 12*s**3 - 4*s**2 + 174*s + 528. Give t(-3).
-354
Let z(w) = -7576*w + 75812. Determine z(10).
52
Let f(n) = -n**2 - 254*n + 10962. Calculate f(39).
-465
Let c(s) = -2*s**2 - 620*s + 17347. Calculate c(-336).
-125
Let s(n) = -n**3 - 191*n**2 - 2474*n - 21. Determine s(-15).
-2511
Let s(n) = 2*n**2 + 75*n + 152. Determine s(-32).
-200
Let w(y) = -y**2 + 1086*y - 16166. Calculate w(15).
-101
Let x(j) = 17756*j - 88999. What is x(5)?
-219
Let n(r) = 17*r**2 + 58*r + 175. What is n(-3)?
154
Let g(r) = r**3 + 28*r**2 - 438*r - 328. Determine g(-39).
23
Let a(m) = 9*m**3 + 724*m**2 + 1670*m - 3590. Give a(-78).
-2
Let h(q) = -2*q**3 - 179*q**2 + 632*q - 1836. What is h(-93)?
-69
Let z(y) = -y**3 + 8*y**2 - 5*y + 29. Calculate z(10).
-221
Let r(b) = 255*b - 1826. What is r(5)?
-551
Let z(m) = m**3 + 25*m**2 + 16*m - 93. What is z(-25)?
-493
Let c(x) = 13*x**3 + 4*x**2 - 43*x + 138. Give c(5).
1648
Let h(w) = -815*w + 2517. Give h(3).
72
Let j(s) = -9395*s + 28116. Calculate j(3).
-69
Let z(v) = -21*v + 6139. Calculate z(291).
28
Let w(j) = -36*j**2 - 39618*j - 79237. What is w(-2)?
-145
Let f(c) = c**3 - 17*c**2 + 63*c + 80. What is f(9)?
-1
Let l(v) = -v**2 + 23*v - 435. What is l(13)?
-305
Let h(t) = -15*t**2 + 3690*t + 3711. Give h(247).
6
Let x(a) = -28142*a + 365798. Calculate x(13).
-48
Let n(u) = 1041*u + 550681. Calculate n(-529).
-8
Let b(i) = -14*i**3 - 89*i**2 + 58*i + 16. Calculate b(-7).
51
Let v(k) = -18947*k + 37900. Give v(2).
6
Let f(w) = -2479*w**3 + 9920*w**2 - 14*w - 8. What is f(4)?
0
Let h(y) = 18*y**2 - 719*y + 27. Determine h(40).
67
Let h(c) = -19*c**2 + 4872*c - 9709. Calculate h(2).
-41
Let m(c) = 3*c**3 - 18*c**2 - 1693*c + 103. Determine m(-21).
-65
Let k(b) = 245*b**2 + 43851*b - 366. Give k(-179).
350
Let g(p) = -2*p**3 - 538*p**2 + 1067*p - 4576. Give g(-271).
31
Let f(r) = -22922*r - 91706. Give f(-4).
-18
Let y(x) = -142*x**2 + 43*x + 127. Calculate y(-3).
-1280
Let q(w) = w**3 - 8*w**2 - 9*w - 26. What is q(0)?
-26
Let b(d) = 83*d**2 + 10883*d + 1320. Give b(-131).
10
Let g(l) = 3336*l + 443677. What is g(-133)?
-11
Let g(w) = 5*w**3 - 109*w**2 + 3*w + 85. What is g(22)?
635
Let s(t) = 440*t + 101450. Determine s(-231).
-190
Let c(s) = 2*s**3 + 57*s**2 + 87*s + 7489. What is c(-31)?
-13
Let n(x) = -96*x - 936. Determine n(-11).
120
Let w(x) = -105*x**2 - 884*x - 109. Give w(-9).
-658
Let d(y) = 156*y - 6680. Determine d(43).
28
Let d(p) = -9*p**3 + 55*p**2 - 15390*p + 92298. What is d(6)?
-6
Let z(x) = 7*x**3 + 100*x**2 + 1453*x + 19940. What is z(-14)?
-10
Let p(u) = -u**2 + 71238*u - 54. Determine p(0).
-54
Let d(c) = 438*c - 3948. Determine d(8).
-444
Let k(u) = 2*u**3 + 56*u**2 - 749*u + 132. Determine k(-39).
-4119
Let m(d) = 191581*d - 2107411. Give m(11).
-20
Let i(j) = 3646*j - 222357. Calculate i(61).
49
Let u(t) = t**2 - 112*t - 2662. Calculate u(-20).
-22
Let l(t) = 37*t**3 - 2848*t**2 - 86*t + 680. Give l(77).
-13
Let g(i) = -5068*i - 29269. Calculate g(-6).
1139
Let c(v) = 11*v**2 + v - 1044. Calculate c(-10).
46
Let l(n) = 8*n**2 + 196*n + 2438. Determine l(-13).
1242
Let v(q) = 3*q**3 - 10*q**2 - 15*q - 16. Determine v(-4).
-308
Let t(u) = 153*u**2 + 2398*u + 8158. Give t(-5).
-7
Let h(r) = 32*r**3 - 785*r**2 + 4821*r - 102. Calculate h(12).
6
Let g(w) = -973*w + 370795. Give g(381).
82
Let c(a) = 385*a - 93734. Calculate c(243).
-179
Let k(s) = 17*s**2 - 651*s - 3479. What is k(43)?
-39
Let u(i) = -i**3 + 7*i**2 - 246*i + 2779. Determine u(10).
19
Let c(u) = -6647*u + 53633. Determine c(8).
457
Let n(y) = -132*y + 2503. What is n(0)?
2503
Let d(l) = l**3 + 67*l**2 + 226*l - 1358. What is d(-63)?
280
Let h(f) = f**3 - 38*f**2 + 2628*f - 92014. Determine h(36).
2
Let r(i) = i**3 + 722*i**2 + 15410*i + 7073. Calculate r(-700).
73
Let f(g) = -4*g**2 + 2753*g - 30285. What is f(11)?
-486
Let o(c) = -78*c**3 + 16*c**2 + 604*c - 620. What is o(1)?
-78
Let b(d) = -d**3 + 653*d**2 + 825*d - 111842. Calculate b(654).
-8
Let k(f) = 1636*f - 170140. Calculate k(104).
4
Let u(c) = -431*c - 39997. Determine u(-100).
3103
Let z(f) = -396*f**3 + 7*f**2 + 8*f - 15. What is z(1)?
-396
Let m(u) = -131942*u - 30478578. Calculate m(-231).
24
Let b(g) = -1981*g + 273323. Calculate b(138).
-55
Let h(n) = -14*n**2 + 4072*n + 215. Determine h(291).
-367
Let n(r) = 361*r**2 + 28530*r + 79. Determine n(-79).
-790
Let y(m) = -6*m**2 - 158*m - 4542. Calculate y(-24).
-4206
Let r(u) = 3*u**3 - 92*u**2 + 590*u - 135. Give r(22).
261
Let m(i) = 8*i**3 + 134*i**2 - 302*i - 4558. Give m(-17).
-2
Let m(r) = 3655*r + 1959092. Calculate m(-536).
12
Let x(z) = 3*z**3 + 317*z**2 + 823*z - 163. What is x(-103)?
-60
Let c(m) = 2*m**3 - 213*m**2 + 3376*m - 23228. Determine c(89).
1
Let p(h) = 13*h**3 + 162*h**2 - 2*h + 40. What is p(-13)?
-1117
Let g(z) = 23755*z - 118772. Give g(5).
3
Let k(n) = -10*n**2 - 97*n - 48. 